f + 14 = 2*h, -5*h - 5 = -5*f. Suppose 0 = -h*s - 2*s + 20, -d + 3*s + 145 = 0. What are the prime factors of d?
157
Suppose 34 = 2*s - 3*u, -4*u = -2*s + u + 38. Suppose -5*r + s*r = 972. List the prime factors of r.
2, 3
Let i(r) = 598*r**2 - 26*r + 63. What are the prime factors of i(3)?
3, 1789
Let w(k) = -61*k - 5. Let a be w(-1). Suppose d - 3*v - a - 262 = 0, -2*d + 5*v + 637 = 0. List the prime factors of d.
3, 107
Suppose 2*c - 94 = -5*m - 14, -3*c + 133 = m. Let z = -25 + c. Suppose 72 = 4*b + h + z, 3*b - 30 = -3*h. What are the prime factors of b?
2, 7
Let f(a) be the third derivative of a**5/60 - a**4/24 - a**3/6 + 2*a**2. Let m be f(-6). Let j = -10 + m. What are the prime factors of j?
31
Suppose 0 = 4*w - 9 + 1. Suppose -w*r + 50 = 18. Suppose 0 = j + 2 - r. List the prime factors of j.
2, 7
Let x(w) = -26*w**3 - w**2 + w + 1. Suppose -4*z + 4*i = 0, -5 = 2*z + 3*i - 0*i. Let r be x(z). Let d = r - 11. What are the prime factors of d?
2, 7
What are the prime factors of -892*(-4)/16 + 0?
223
Let z(l) = 15*l**2 - 8*l + 8. List the prime factors of z(3).
7, 17
Let j(z) be the first derivative of 2*z**3/3 - 6*z**2 + 9*z - 7. List the prime factors of j(7).
23
Suppose -7 = -4*x + 1. Suppose -5*f = 20, -5*r - 2 = -x*f - 10. Suppose 0 = -6*s - r*s + 150. List the prime factors of s.
5
Let a(k) = 70 - 4*k + 0*k**2 + 3*k - 2*k**2 - k**3. What are the prime factors of a(0)?
2, 5, 7
What are the prime factors of 359/7 + 42/(-147)?
3, 17
Suppose -6*n + 4*n - 1232 = -4*i, 5*n = -3*i + 950. List the prime factors of i.
2, 5, 31
Let t = -288 + 407. What are the prime factors of t?
7, 17
Let j(g) = g**3 + 3*g**2 + 5*g - 5. Let u be j(5). Suppose 0 = 3*p - 8*p + u. List the prime factors of p.
2, 11
What are the prime factors of (-171)/6*(-434)/21?
19, 31
Let q be 114/10 + 6/(-15). Let b = q - 7. Suppose 5*u - 41 = -4*y, -5*y + y + 40 = b*u. List the prime factors of y.
3
Suppose 35 = -4*y + 43, 0 = -5*r - 4*y + 4353. What are the prime factors of r?
11, 79
Suppose -484 = 5*q + k, 6*q + 472 = q + 2*k. What are the prime factors of 13/(-65) + q/(-5)?
19
Let b(y) be the second derivative of -y**4/12 - y**3 + 3*y**2/2 - 3*y. Let c be b(-6). Suppose 38 - 101 = -c*h. What are the prime factors of h?
3, 7
Let l = 1849 - 1729. List the prime factors of l.
2, 3, 5
Let l be 9/(-45) + (-176)/(-5). Let t(v) = 2 - 40*v - 16 + l*v. List the prime factors of t(-15).
61
Suppose 12 + 3 = 3*n. Suppose -d + 843 = 5*y, -n*d + 9 = -6. What are the prime factors of y?
2, 3, 7
Let p(v) = 16*v**2 + v - 3. Let w be p(2). Suppose k = -c + w, 4*c = 3*k - 197 - 13. List the prime factors of k.
2, 3, 11
Suppose -3*m = -3*o + m - 9, 0 = -5*o + 2*m - 15. List the prime factors of (o + 8/12)/(1/(-24)).
2, 7
Let p = -2 + 2. Suppose -3*v - 2 - 4 = p. List the prime factors of 32 + 1/(v/6).
29
Let b = 43 + -48. List the prime factors of (b - -5 - -1)/(1/192).
2, 3
Suppose -6*c + 72 = -72. Let k = c - -43. What are the prime factors of k?
67
Let a(h) = 2*h - 3. Let r be a(2). Let o(t) = 123*t**3 - t**2 + 2*t - 1. List the prime factors of o(r).
3, 41
Suppose h - 21 + 16 = 0. Suppose 0 = 4*t, -k - 3 = -2*k + 5*t. Suppose -6*y + h*z + 35 = -4*y, -k*z - 33 = -2*y. What are the prime factors of y?
3, 5
Suppose -9*w = -2*w - 84. Let f be (-3)/4 - (-81)/w. Suppose 227 = f*l - 73. What are the prime factors of l?
2, 5
Let f = -15 + 49. Let m(h) = h**3 - 8*h**2 + 7*h + 8. Let j be m(6). Let z = j + f. List the prime factors of z.
2, 3
Suppose -2*z + 2 = -0*z. What are the prime factors of z/((4/1284)/1*3)?
107
Let h be (108/(-10))/((-24)/(-80)). Let x = h - -116. What are the prime factors of x?
2, 5
Let u be -2*18/(-4) - 1. Let z(s) be the second derivative of s**3/3 - s**2 - 20*s. What are the prime factors of z(u)?
2, 7
Let f be 640/6 + (-6)/9. Let s = -9 + f. Suppose 3*v = 5*z - s, -5*v = 5*z + 4 - 109. What are the prime factors of z?
2, 5
Suppose 2*n - 4*s - 4 - 18 = 0, -32 = -3*n + 5*s. List the prime factors of -1 + 1/3*n.
2
Let o(q) = q**2 + 8*q + 40. Let g be o(-5). Suppose -2*u = -4*n - 8, -3*u - 4*n - 17 = 21. Let m = g + u. What are the prime factors of m?
19
Suppose -2*v + 6*v - 80 = -2*b, -v + 5*b = -9. List the prime factors of v.
19
Suppose -4*i + 416 = -o, 2*i - 75 = -3*o + 119. What are the prime factors of i?
103
Suppose -12*n + 44175 = 13*n. What are the prime factors of n?
3, 19, 31
Let l(d) be the third derivative of 29*d**6/720 + d**5/60 - 5*d**4/12 - 8*d**2. Let x(y) be the second derivative of l(y). List the prime factors of x(2).
2, 3, 5
Suppose -v + 24 = 4*w + 3*v, 3*v = -4*w + 28. Let k = 18 - w. What are the prime factors of k?
2
Let o = 217 - 210. What are the prime factors of o?
7
Let u be (-16)/(-24) - (-4)/(-6). Suppose u = 3*o - 5*g, -4*g = 4*o - 2*g. Suppose -4*p + 58 = 2*r, -2*r = -3*p - o*p - 86. List the prime factors of r.
37
Suppose -3*t + 3*x = -10 + 4, -3*x + 18 = 3*t. Suppose -i - 2*b + 42 = -t*i, 35 = -2*i - b. List the prime factors of 18/8 - (-4)/i.
2
Let o be -2 - 0 - -2*2. Let y(t) = 18*t + 2. Let b be y(2). Suppose c + 6*n - 10 = o*n, 3*c = -4*n + b. What are the prime factors of c?
2, 7
Let t(j) = j**3 + 23*j**2 - 16*j - 17. Let i be t(-23). Suppose 999 - i = 8*n. What are the prime factors of n?
3
Suppose 0 = 5*d + 14*d - 7201. List the prime factors of d.
379
Let q(v) = 3*v**2 + 3*v + 385. List the prime factors of q(0).
5, 7, 11
Let f(i) = -2*i + 18. Let p = -28 - -37. Let o be f(p). Suppose o*q + 217 = 4*q + 5*w, q + 5*w - 58 = 0. What are the prime factors of q?
53
Let i(s) = 3*s - 8. Let a be i(4). Suppose 7 = a*j - 1. Suppose 87 = 5*x + 4*g, -4*x - j*g + 60 = -6. What are the prime factors of x?
3, 5
Suppose 3*r - 56 - 55 = 0. Suppose c - r = -24. Suppose 4*o + c = 65. List the prime factors of o.
13
Let h(n) = -n**3 - 11*n**2 + 15. Let y = -9 - 2. What are the prime factors of h(y)?
3, 5
Suppose 0 = -21*v + 17*v + 152. What are the prime factors of v?
2, 19
Let i = 179 - -949. List the prime factors of (-3)/(-15) - (-3 + i/(-10)).
2, 29
Suppose 0 = 21*v - 26*v - 20. Let h(t) = -t**2 - 9*t - 4. What are the prime factors of h(v)?
2
Suppose 11026 = 9*r - 5*r + 2*g, 11024 = 4*r + 4*g. List the prime factors of r.
3, 919
Suppose 80*p - 65*p - 2025 = 0. What are the prime factors of p?
3, 5
Suppose -2*a + 7*a = 3*j - 1528, -5*j + 2490 = 3*a. List the prime factors of j.
3, 167
Suppose 4*n + 2*i - 78 = -3*i, -4*n - 4*i = -80. What are the prime factors of 135 + (1 + -1)*(-11)/n?
3, 5
Let k(i) = -13*i**3 + 3*i**2 + 2*i + 62. List the prime factors of k(-7).
2, 13, 179
Let d be -3*(16/12 - 2). Suppose 5*a + 3*p - 71 = 131, -a - d*p + 46 = 0. Suppose -a = -0*r - r. What are the prime factors of r?
2, 19
Suppose -6*l = -64 - 2. Let y(o) = 6*o + 9. What are the prime factors of y(l)?
3, 5
Suppose -3*j + 4*b + 548 = -283, -2*b = -j + 277. What are the prime factors of j?
277
Suppose 5*a - 65 = -5*j, -j = 2*a - 5*a + 23. Let p(z) = z**3 - 9*z**2 + 12*z - 2. List the prime factors of p(a).
2, 53
Suppose -7 = 6*r - 49. Suppose -13 = -4*o + r. Suppose 121 = 5*s + o*d - 109, 154 = 4*s - 2*d. What are the prime factors of s?
41
Let w(r) = 7*r + 19. Suppose -5*q + 41 = 1. What are the prime factors of w(q)?
3, 5
Suppose 5613 = 12*a - 4059. What are the prime factors of a?
2, 13, 31
Suppose -5*a = -4*x + 6861, 10*a - 3432 = -2*x + 14*a. List the prime factors of x.
2, 857
Suppose -4766 = -6*t + 2434. List the prime factors of t.
2, 3, 5
Let z(b) = 4*b**2 - 11*b + 15. Let a(o) = -2*o**2 + 6*o - 7. Let v(h) = -5*a(h) - 2*z(h). Let t be v(5). Suppose -57 = -4*l + t. List the prime factors of l.
2, 3
Let v(j) = j - 11. Let h be v(13). Let f be 0/(-6 - (h + -5)). Suppose 5*y = 2*g + 118, f = -0*g - 2*g + 2. What are the prime factors of y?
2, 3
What are the prime factors of 33078/10 - (-9)/45?
2, 827
Suppose -5*h + 4 = 4*u, h = -3*h. What are the prime factors of 7/(-7)*(-31)/u?
31
Let d(w) = w + 1. Let b be d(3). List the prime factors of 9/1*b/18.
2
Let y(k) = k**3 - 19*k**2 - 5*k + 30. What are the prime factors of y(20)?
2, 3, 5, 11
Suppose 52*i - 46805 = -3*i. List the prime factors of i.
23, 37
Suppose -7*i - 160 = -11*i. Suppose m + 3*m = i. Suppose m = 4*v - 26. What are the prime factors of v?
3
Suppose -6 = -7*h + 15. Suppose o + 3*c + 4 